79, -4*l - 4*k - 16564 = 0. What is the tens digit of 4/(-14) - l/35?
1
Let t(d) be the third derivative of d**6/60 - d**5/12 - 11*d**4/24 - 7*d**3/6 + 6*d**2. Let p be t(5). What is the tens digit of (p/6)/(3/4)?
1
Let w = -579 + 2310. What is the thousands digit of w?
1
Let q(s) be the second derivative of -s**3/6 + s**2/2 + 7*s. Let y be q(-15). What is the units digit of (-2)/8 + 164/y?
0
Let k = -633 + 899. Suppose 24 + k = 5*q. What is the tens digit of q?
5
Let z(c) = -109*c - 27. Let s be z(-10). Suppose 11*o + s = 3131. What is the tens digit of o?
8
Let d = -109 + 193. Let f = d + 45. What is the units digit of f?
9
Let a(c) = 2*c + 2. Let z = 37 - 34. What is the units digit of a(z)?
8
Suppose -459 = -u - 23. Suppose -d - 4 = 0, 2*d - u + 18 = -3*x. What is the tens digit of x?
4
Suppose 51*p - 49*p + 80 = 0. What is the tens digit of ((-5)/((-50)/(-108)))/(6/p)?
7
Suppose 2*h + 2924 = 4*k, 1096 = 2*k - 5*h - 358. What is the units digit of k?
2
Let f = 37 - 32. Let j(c) = -c**3 + 7*c**2 - 3*c - 2. What is the tens digit of j(f)?
3
Suppose 5*s = 2 + 23. Suppose -a - s*a + 588 = 0. What is the units digit of a?
8
What is the hundreds digit of -4 + 3 - (-368 + -9)?
3
Let k(b) = b + 1 - 5 + 0. Let i be k(6). Suppose -o + 15 + 92 = 5*v, i*v - 5*o = 59. What is the units digit of v?
2
Let o = -6 - 3. Let v = o - -9. Suppose 4*y = -3*m - 1 - v, -m = 3. What is the units digit of y?
2
Let a = -844 + 2307. What is the units digit of a?
3
Suppose 18489 = 31*q - 24291. What is the hundreds digit of q?
3
Let a = -20 - -23. Let t = 3 - -12. Suppose 24 = a*k - t. What is the tens digit of k?
1
Let b be 4*(-1)/(-4) - 1. Let a be (21 + (4 - b))*-17. What is the tens digit of (-2)/(-4) + a/(-10)?
4
Let z = 35 - 32. Let p(w) = 5*w**3 + w**2 - 4*w - 5. What is the hundreds digit of p(z)?
1
Let t(k) = -85*k. Let o be t(-2). Let g = 290 - o. What is the units digit of g?
0
Let f(c) = 2*c. Let o be f(-2). Let r = o - -16. What is the tens digit of r?
1
Let f = -166 + 281. What is the units digit of f?
5
Suppose -519*o = -480*o - 73671. What is the units digit of o?
9
Let l(m) = m**3 + 3*m**2 + 2*m + 10. Let v be l(4). Suppose 3*y = 5*w - 122, -3*y = 5*w + 2*y - v. What is the tens digit of w?
2
Suppose -3*f = -2*c - 0*f + 15, 4*c - 2*f - 10 = 0. Suppose -49*g + 44*g + 625 = c. What is the tens digit of g?
2
Let q(p) = -p**3 + p + 23. What is the units digit of q(0)?
3
Suppose 0 = -6*o + 405 + 963. What is the tens digit of o?
2
Let y be (-80)/(-6)*24/16. Let p = 5 + y. What is the units digit of p?
5
Let r be 3/3 - (1 - 2). Suppose 8 + 5 = 2*z + d, 0 = 5*z - r*d - 19. Suppose -z*y = -y - 76. What is the units digit of y?
9
What is the units digit of 2525 - (-12 + 7) - 10?
0
Suppose -2*o + 54 = -2*s + 144, 0 = -3*s + 4*o + 135. What is the units digit of 108/s*10/4?
6
Suppose -2*w + 4*w + 5*o - 20 = 0, -3*w + 3*o = 12. Let s = w - 0. Suppose -4*n + 2*n + 22 = s. What is the tens digit of n?
1
Let d(r) = -r - 2. Let t be d(-6). Suppose -7*f + 3 = 4*u - 2*f, 2*f = t*u - 10. Suppose 0 = -g - l + 14, g = -0*g - u*l + 13. What is the units digit of g?
5
Let h = -4 + 8. Let o(f) = -f**3 + 16*f**2 - 24*f - 21. Let y be o(14). What is the tens digit of h/(-2) + y + 4?
3
Let d = -5 - -5. Let c(v) = -v**2 - v + 28. Let x be c(d). Let q = 47 - x. What is the units digit of q?
9
What is the thousands digit of 117/78 - 6326/(-4)?
1
Let o(w) = -2*w**3 - 12*w**2 + 33*w - 7. Let b(h) = h**3 + 6*h**2 - 17*h + 4. Let f(m) = -5*b(m) - 3*o(m). What is the units digit of f(-7)?
0
Suppose 13039 = -111*o + 124*o. What is the tens digit of o?
0
Suppose 94*v = 128563 - 13977. What is the tens digit of v?
1
Let w(v) = -v**3 + 6*v**2 + 6*v + 8. Suppose j = -1, 2*s + 5*j - 5 = 4. Let m be w(s). Let p = 6 - m. What is the units digit of p?
5
Let v be 56/6 - 1/3. Let r = -7 + v. Suppose -r*d + 0*g = g - 19, -4*d + 47 = 5*g. What is the units digit of d?
8
Let k be 638/10 - 6/(-30). Let l = k + 11. What is the units digit of l?
5
Let f(v) = v**3 - 7*v**2 - 10*v + 18. Let w be f(8). Suppose -w*r + 338 = 5*z - r, -z + 70 = -r. What is the tens digit of z?
6
Let f = -80 - -76. Let s(z) = z**2 - 5*z - 7 + 1 + 0*z**2. What is the units digit of s(f)?
0
Let x = -37 - -24. Let o = -11 - x. What is the units digit of -4 + o + (0 - -26)?
4
Let y = 614 - 324. What is the hundreds digit of y?
2
Let s(v) = 3*v - 1. Let f be s(1). Suppose -f = 4*n - 6. What is the units digit of n?
1
Let d(g) = 7*g**2 + 10*g**2 - g**3 + 3 + 20 - 8*g + 8. What is the tens digit of d(16)?
5
Let c(g) be the second derivative of -g**4/12 - 10*g**3/3 - g**2/2 + 4*g. What is the tens digit of c(-16)?
6
Let v = 9781 + -5496. What is the hundreds digit of v?
2
Let i(l) = -l**2 + 15*l - 51. Let z be i(8). Suppose -z*h - 1023 = -5*f - 3*h, 618 = 3*f + 3*h. What is the units digit of f?
5
Let x(j) = 14*j + 48. Let k be x(-21). Let v = 535 + k. What is the tens digit of v?
8
What is the hundreds digit of (2/16*194)/((-10)/(-400))?
9
Suppose 2*k - 4 + 0 = 0. Suppose -5*i + 5*d + 165 = 0, 0 = -5*i + d + k*d + 157. What is the tens digit of i?
2
Suppose 0 = -274*t + 276*t - 674. What is the tens digit of t?
3
Suppose -5*y = -3*w - 218, -8 = -2*w - 0*w. Let c(f) = 4*f**2 + 9*f - 3. Let z be c(-4). Let n = y - z. What is the units digit of n?
1
Let c(a) = 21*a**2 - a - 8. Let t be c(4). Suppose t = 6*k + 3*k. What is the units digit of k?
6
Let p(r) = 78*r**2 + 119*r - 559. What is the units digit of p(5)?
6
Let x = -775 + 398. Let i = -228 - x. What is the hundreds digit of i?
1
Suppose 0 = 3*d - 5 - 7. Let i(j) = 13*j - 26. Let o be i(4). Suppose o = 6*n - d*n. What is the units digit of n?
3
Let c(p) = -2*p**2 + 12*p - 5. Let z be c(5). Suppose 0 = 4*j + 4*t - 96, 2*j + z*t + 35 - 89 = 0. What is the tens digit of j?
2
Let s = -24 + 26. Let o(t) = 5*t**2 - 3. Let x be o(s). What is the tens digit of (2 - 6) + x + 4?
1
Suppose 0 = -o - 4*o - 95. Let n = 19 + o. Suppose 5*z = -4*k + 43, k + n + 2 = 3*z. What is the units digit of k?
7
Let i be 40/260 - (-63)/13. Suppose -3*z + 272 = -i*s, 4*s = 3*s + 2. What is the tens digit of z?
9
Suppose 2*i + 0*i = 52. Suppose i = f - 205. Suppose -3*v = -6*v + f. What is the tens digit of v?
7
Let x = -1543 + 2280. What is the units digit of x?
7
Let t = -82 - -413. What is the hundreds digit of t?
3
Let g(q) = q + 22. Let v(t) = t**3 + 9*t**2 - 10. Let s be v(-9). Let b be g(s). What is the units digit of 19*1 + -10 + b?
1
Let o = 218 - 204. What is the units digit of o?
4
Let h = -3 - -8. Suppose 6*y + 55 = h*x + 2*y, -x = y - 11. What is the tens digit of x?
1
Let c = -1589 + 3319. What is the hundreds digit of c?
7
Let m = -1 - 2. Let s = 33 + -30. What is the units digit of (m - 0)/s + 9?
8
Let v(z) = z**3 + 6*z**2 + 6*z - 2. Let a be v(-3). What is the hundreds digit of 119 + 3 + a + -11?
1
Let q be (-1)/(-2)*(6 - 0). Suppose q*d + 2688 = 7*d. What is the tens digit of d/36 + (-4)/6?
1
Let k(i) be the first derivative of i**3/3 - 3*i**2 - 14*i - 14. Let u(a) = -a**2 + 13*a - 2. Let n be u(12). What is the units digit of k(n)?
6
Let t = -3 - -18. Let k = 91 + t. What is the units digit of k?
6
Let v(c) = -c**3 + 41*c**2 + 336*c + 12. What is the tens digit of v(48)?
1
Let q(h) = 8*h**2 - 6*h - 49. What is the tens digit of q(9)?
4
Let b be (-2 - 1 - 3)*-1. Let c(v) = -31*v + 15. Let q be c(b). What is the tens digit of (-1)/(-2) + q/(-18)?
1
Let p(f) = 6*f**3 - f**2 - f. Let r be p(-1). What is the units digit of (-1)/r + (77/42 - -1)?
3
Let a be (-3 - 1)*(-543)/12. Suppose 4*n + h = a, -2*n + 137 = n + 2*h. Suppose 3*i = 3*d - 205 + 61, -n = -d + 2*i. What is the units digit of d?
1
Let g(z) = 15*z + 101. What is the tens digit of g(40)?
0
Let m = -142 - -521. What is the units digit of m?
9
Let d = -770 + 883. What is the units digit of d?
3
Let k(a) = -a**3 + 6*a**2 + 7*a - 2. Let n(h) = -2*h**3 - 3*h**2 - 3*h - 3. Let q be n(-2). Let j be k(q). What is the tens digit of 38 + 6/3 + j?
3
Suppose -3*b + 613 = 3*o - 815, 0 = -b - 5*o + 476. What is the tens digit of b?
7
Suppose 2*u - 150 = -30. What is the tens digit of u?
6
Suppose 0 = -25*b + 16543 + 5657. What is the tens digit of b?
8
Let v = -1292 + 2281. What is the tens digit of v?
8
Let k(z) = -32*z**3 - z**2 + 2*z - 2. W